*2 - 3*w - 3. Let l(m) = 2*m**2 - 5*m - 2. Let c be l(3). Let s be (12*(-5)/(-20))/(-2 + c). Give b(s).
6
Let s(i) be the first derivative of -4*i + 51 + 11/2*i**2 + 1/3*i**3. Calculate s(-12).
8
Let r be (10/15)/((-1)/3). Let o(u) = -3*u. Let f(j) = j - 1. Let i(x) = r*f(x) - 2*o(x). Suppose -5*t + 1558*g - 40 = 1553*g, 0 = 3*t + 4*g - 11. What is i(t)?
-10
Let d(s) = s**2 - 10*s - 168. Suppose -2*k - 31 = 3*m, 29*m + 4*k = 24*m - 53. Determine d(m).
3
Suppose 153 = 24*c - 7*c. Suppose -c*v + 95 = 77. Let u(r) = 2*r + 2. Determine u(v).
6
Let o(c) be the first derivative of 0*c - 21 + 1/30*c**5 + 1/3*c**3 + 10*c**2 + 1/12*c**4 + 1/120*c**6. Let r(t) be the second derivative of o(t). Give r(-2).
-2
Let z(w) = 2*w**2 - 22*w - 34. Let u(s) = s**2 + 73*s - 461. Let m be u(6). Determine z(m).
18
Let f(o) = 62*o**3 + 11*o**2 + 86*o - 151. Let m(n) = 10*n**3 + 2*n**2 + 14*n - 24. Let t(k) = -4*f(k) + 25*m(k). Calculate t(-4).
-52
Let l(y) be the first derivative of 0*y + 4 - 2*y**2 - 1/4*y**4 + 5/3*y**3. Let k = 9924 - 9921. Give l(k).
6
Let p be 1/15 - (-5960)/600. Let h(x) = x**3 - 11*x**2 + 8*x + 9. Determine h(p).
-11
Let m(z) = -2*z**2 - 3*z + 19. Suppose -11*y - 12*y = 20*y + 6*y. What is m(y)?
19
Let u(j) be the second derivative of -j**4/12 + 7*j**3/6 + j**2 + 11*j - 7. Let s(l) = -l**2 - l + 2. Let h(k) = 2*s(k) - u(k). What is h(-9)?
2
Let g(m) = -m**3 - 3*m**2 + 5*m + 6. Let d be g(-4). Let n(a) = -2*a**d - 6 - 4*a + a + 3*a**2. Suppose 3*j - 30 = -3*j. Determine n(j).
4
Let x(n) = 78*n + 2. Let j(l) = 87*l + 3. Let s(i) = -5*j(i) + 6*x(i). What is s(1)?
30
Let g = -18053 - -18048. Let d(n) = -9*n - 46. Determine d(g).
-1
Let i(t) = -2*t**3 - 6*t**2 + 2*t + 4. Suppose -y - 1 = -a - 4, 14*y = 3*a + 9. Determine i(a).
-2
Suppose 0 = -5*y + 110 - 90. Suppose -5 = 2*o + 3*r, -r - 2*r = -o + 11. Let w(f) = -f**o + 0 + 3*f + 4 - 6. Calculate w(y).
-6
Let o(w) be the third derivative of w**5/120 + 5*w**4/6 + 82*w**3/3 + 7*w**2 + 11*w. Let s(z) be the first derivative of o(z). What is s(-6)?
14
Let y(d) be the first derivative of d**4/4 - 16*d**3/3 - 10*d**2 - 7697. What is y(17)?
-51
Let t be -1 - (0/4 + -1). Suppose t = -l - 5 + 7. Let p(y) = 3*y + 4 - l*y**2 - 19 + 11. Calculate p(3).
-13
Suppose 5*s - 50 = 5*h, 5*s + 2*h = -0*h + 15. Suppose -s*p + 26 = 56. Let c(x) = -x**2 - 9*x - 12. Give c(p).
6
Let i(q) = 3*q - 2. Let n = 184 - 280. Let v = n + 121. Suppose -v*u + 8 = -29*u. What is i(u)?
-8
Let m(d) = -d**3 - 10*d**2 - 11*d - 8. Let s be m(-9). Let o(z) be the first derivative of -3*z**2/2 + 7*z - 453. Give o(s).
-23
Let f = -9011 + 9011. Let m(i) = 10*i. Calculate m(f).
0
Let i(v) be the first derivative of 2*v**2 - 1/3*v**3 - 3*v - 66. Calculate i(5).
-8
Let k(n) = 4*n**2 + 4*n + 13. Let l(g) = -g**2 + g - 1. Let p(m) = -k(m) - 3*l(m). Let i(s) = 10*s + 73. Let u = -397 + 389. Let t be i(u). Determine p(t).
-10
Let p(x) be the third derivative of x**6/120 - x**5/10 - 3*x**4/8 + 2*x**3/3 - 4*x**2. Let g be (-8)/3*(-504)/16. Let y = g - 77. Give p(y).
-10
Let x(u) = 7*u**3 + 18*u**2 - 19*u - 4. Let o(w) = 32*w**3 + 71*w**2 - 77*w - 17. Let z(f) = 2*o(f) - 9*x(f). Determine z(19).
-36
Let o = 15548 - 15546. Let z(f) be the second derivative of 16*f + 1/4*f**4 + 0*f**o - 1/3*f**3 + 0. What is z(2)?
8
Let o(v) = v**2 + 14*v + 51. Let b be o(-7). Let c(r) = -13*r + 0*r**2 + 2*r**b + 8*r + 2. Determine c(3).
5
Let r(b) = -2*b**2 - 4 + 23*b**3 - 247604*b + 247601*b + 3. Determine r(-1).
-23
Let j(n) = 2*n**2 - 3*n + 3. Let p be j(2). Suppose -5*l - w = -17, -l = -p*l + 4*w + 4. Let o(z) = -5 - z**3 + 3*z - l*z - 4*z + 8*z**2 - 13*z**2. Give o(-4).
-5
Let r(o) = 0*o + 1 + 0 + 5*o. Let z be (-66)/(-15) - ((-66)/(-15) - 4). Suppose -3*d + 2*j = -2*d + 1, -z*d + 6 = 2*j. Determine r(d).
6
Let w(i) be the second derivative of -i**4/6 + i**3/3 + i**2 + 6*i. Let l = 98 - 88. Suppose 0 = 6*a - 11*a + l. Calculate w(a).
-2
Suppose -2*a + 0*a = -4. Let t(q) = 1 + q + 7 - a*q. Suppose -56*b + 113*b - 45*b = 72. Calculate t(b).
2
Let t(q) = -q**3 - 9*q**2 - 10*q - 9. Let z(h) = h + 3. Let f be z(-4). Let o be -9*69/(-9) + f + -1. Let y = -75 + o. Give t(y).
7
Let q(u) be the first derivative of u**4/4 + 2*u**3 - 9*u**2/2 - 10*u + 2246. Give q(-6).
44
Let u(z) be the first derivative of z**3/3 - 5*z + 449. What is u(-9)?
76
Let u(b) = 176*b + 3355. Let r be u(-19). Let o(c) = -c + 32. What is o(r)?
21
Let a = -513 + 519. Let s(u) = 2*u**3 - 13*u**2 + 10*u - 18. Give s(a).
6
Let w(k) = -k**2 - 5*k - 3. Let r = -7677 - -7677. Determine w(r).
-3
Let q(a) = -33*a**3 - 4*a**2 + a - 10. Let c(x) = -2*x**2 + 5. Let w(i) = i**2 - 1. Let d(z) = -c(z) - 3*w(z). Let p(s) = -5*d(s) + q(s). What is p(-1)?
33
Suppose -2*h - h = -27. Suppose 14*c = 10*c + 8. Suppose f = 6*f + a - h, c*f = -3*a + 1. Let v(b) = 2*b**2. What is v(f)?
8
Let g(l) = -4*l**2 + l + 4. Let j(a) = -3*a**2 + 3. Let d(w) = -2*g(w) + 3*j(w). Let p(u) be the first derivative of d(u). Determine p(-7).
12
Suppose 3*q + 9 = 0, 0 = 2*j + 5*q + 9 - 0. Suppose -3*g + 4 = -2*g. Let t(z) = -5 + 5 + z**j + g + 4*z**2 + z. Calculate t(-3).
10
Let r(n) = -n - 7*n**2 + 5 - 5. Let v(c) = -c - 1. Let k(w) = 13*w - 246. Let o(x) = -k(x) - 3*v(x). Let p be o(25). What is r(p)?
-6
Let z(a) = a**2 + a - 12. Let f = -148 + 154. Suppose 0*w - 4 = 4*w. Let q be 6/(-36) - w/f. What is z(q)?
-12
Let f(y) = 5*y**3 - 13*y**2 + 17*y - 35. Let l(h) = -18*h**3 + 40*h**2 - 48*h + 105. Let w(n) = 7*f(n) + 2*l(n). What is w(-13)?
4
Let r = 240 + -357. Let b be 12/(540/r) + (-2)/5. Let n(l) = -l**3 - 2*l**2 + 2*l - 2. Give n(b).
1
Let f(h) = -2*h + 7. Let s(n) = -n**3 - 13*n**2 - 30*n. Let m be s(-10). Suppose m = -439*x + 444*x - 30. Calculate f(x).
-5
Let h(j) = -10*j**2 + 6*j + 2700 - 2*j + 2*j**3 - 2685 - 7*j. Give h(5).
0
Let k(c) = -c + 12. Let l be k(-4). Let s(v) = -6 + 12*v - l*v + 5*v. Calculate s(9).
3
Let m = -3347 + 3344. Let d(n) = 2*n**3 + 12*n**2 + 20*n + 2. Give d(m).
-4
Let m(q) = -q + 4. Suppose 718 = 2*z - 5*j, j + 1392 = 4*z + 2*j. Suppose 6*d - 77 = z. Let l = d - 66. What is m(l)?
-1
Suppose 949*f = 935*f - 98. Let v(u) be the first derivative of u**2/2 + 4*u - 7. Calculate v(f).
-3
Let r = -17053 - -17059. Let g(x) = 3*x + x - 6 + 0*x. Determine g(r).
18
Let x(w) = w. Let g be x(-7). Let l(s) be the third derivative of s**5/60 + 7*s**4/24 - 3*s**3/2 - 87710*s**2. Give l(g).
-9
Let o(a) = 3*a**2 + a + 1. Let k(c) = 16*c**2 + 6*c - 5. Let p(m) = -k(m) + 5*o(m). What is p(0)?
10
Let q(k) = -18*k. Suppose 5*x - 99 = -3*h, -2*x + 2*h - 59 = -5*x. Let y = -18 + x. Suppose 5*t - 4*t + 7 = -2*j, -5*t - y = 2*j. Give q(t).
-18
Let k(n) be the second derivative of n**7/2520 - n**6/72 + 3*n**5/40 - n**4/12 + 3*n**3/2 + 6*n. Let f(z) be the third derivative of k(z). What is f(6)?
-15
Suppose -73*b - 128*b - 1809 = 0. Let n(k) = -k**2 - 14*k + 20. Determine n(b).
65
Suppose -2*c + 0*c - 3*r + 15 = 0, c + 3*r - 15 = 0. Let d(i) = 137*i**2 + 7*i + 7. Let v(z) = -171*z**2 - 9*z - 9. Let u(p) = 5*d(p) + 4*v(p). Calculate u(c).
-1
Let p(t) = -t - 3. Let y = 19 + -16. Suppose -y*b + 75 = -3*f, f - 87 = -2*b - b. Suppose b = 7*n + 98. Calculate p(n).
7
Let j(f) = -f. Let h(c) = 3*c + 11. Let y be (-1)/(4 + -6 - -1). Let a(p) = y*h(p) + 2*j(p). Determine a(-7).
4
Let v(y) = y**3 + y**3 + 7*y - y**3 - 6*y**2 - 6 - 2*y**2. Let d be 1/(423/105 - 4). Let a be (-2)/1*d/(-10). Calculate v(a).
-6
Let z(f) = -f**2 - 6*f - 2. Let c(x) be the first derivative of 3*x**2/2 - 12*x + 10. Let k be c(6). Suppose i - 3*o + 13 = 0, -o - 15 = -k*o. Give z(i).
6
Let z(r) be the third derivative of 3/2*r**3 + 1/60*r**5 - 2*r**2 + 0*r - 34 - 17/24*r**4. Calculate z(17).
9
Let w(m) = 19*m**3 - 2*m**2 - 8*m - 7. Let b(t) = 22*t**3 - 4*t**2 - 11*t - 9. Let r(g) = -2*b(g) + 3*w(g). Determine r(-2).
-95
Let l(c) be the first derivative of -c**4/4 + c**3 - c**2/2 + 5*c + 36. Let a = -12 - -16. Determine l(a).
-15
Let i(d) be the first derivative of -d**6/360 + d**5/30 + d**4/24 - 8*d**3/3 - 32. Let z(n) be the third derivative of i(n). Calculate z(-4).
-31
Let t(b) = -176*b - 4 + 162*b - 8 + 9*b. Determine t(-13).
53
Let j(o) be the third derivative of -1/120*o**6 + 183*o**2 + 0 + o**3 + 0*o + 1/2*o**4 - 11/60*o**5. Determine j(-12).
6
Let u = -3937 - 